t n be 156 + -36 - (1 + -1 + -3). Suppose 0 = -d - 23 + n. What are the prime factors of d?
2, 5
What are the prime factors of 386/(-2)*(12 + -18)*3?
2, 3, 193
Suppose 0*a + 4*a - 3588 = 3*f, 2691 = 3*a - 2*f. List the prime factors of a.
3, 13, 23
Let n be 1*-5*(3 + -4). Suppose -n*k = d - 40, -3*d + 136 - 16 = 4*k. What are the prime factors of d?
2, 5
Suppose 3*s - 1155 = 4*n, -3*s + 1157 + 16 = 2*n. List the prime factors of s.
389
Let i = 10201 + -7070. What are the prime factors of i?
31, 101
Let x = 868 + -604. Let t = x - 133. What are the prime factors of t?
131
Let p = 20 - 17. Suppose 118 = 3*a - 0*a + f, -p*f = -4*a + 166. What are the prime factors of a?
2, 5
Suppose 45*x - 44*x - 190 = 0. Suppose 0 = -2*h - 4*p + 18 - 6, -5*h - 18 = -2*p. List the prime factors of x/15 - h/6.
13
What are the prime factors of ((-28)/(-6))/((-12467)/(-1131) + -11)?
7, 29
Suppose -2*i + 16 = 10. What are the prime factors of 5 + (1 - i) - 105*-1?
2, 3
Suppose 4*b = 7 - 11. List the prime factors of b - (-295 + -4 + 0).
2, 149
Suppose -57*h + 8977 = -10*h. List the prime factors of h.
191
Suppose 14*r - 9*r - 2*p = 4280, 5*r + p - 4265 = 0. List the prime factors of r.
2, 7, 61
Let f = 35 - 33. Let k = 18 - 4. Suppose k + 12 = f*g. List the prime factors of g.
13
Let q be -1 + (-822)/14 + (-8)/28. Let l = q - -86. List the prime factors of l.
2, 13
List the prime factors of (95/(-20))/((-7)/168).
2, 3, 19
Let p be (-2)/(-8) - 108/48. List the prime factors of (p/5)/(10/(-1550)).
2, 31
List the prime factors of (-14)/35*-1250*3.
2, 3, 5
Suppose 0*b = 5*b + 25. Let c be -4 + (-12)/(-4) - b. Suppose -3*d + 21 = q, c*d - 3*d = -2*q + 42. What are the prime factors of q?
3, 7
Let x = 496 - 149. List the prime factors of x.
347
Suppose 0 = 2*b + 6, 4*o - 194 = b + 137. Suppose 2*c - 90 - o = 0. List the prime factors of c.
2, 43
Let o be (-6)/2*(-4 - -3). List the prime factors of o*(-3)/(18/(-58)).
29
Suppose 4*d - 20 = -0*d. Suppose 0 = 2*k - d + 1. Let o(m) = -m**3 + 2*m**2 + 2*m - 1. What are the prime factors of o(k)?
3
Let a = 13 - 11. Suppose a*w - 3*w + 2 = 0. What are the prime factors of 44/3 - w/(-6)?
3, 5
Let f(d) = -16*d. Let s(x) = -33*x + 1. Let c(t) = 5*f(t) - 3*s(t). List the prime factors of c(5).
2, 23
Let j(p) = -p + 13. Let r be j(9). Suppose -r*c - s = 2*s - 218, 0 = 2*c + 3*s - 112. List the prime factors of c.
53
Let c = 11 + -25. Let y(f) = -10*f - 29. List the prime factors of y(c).
3, 37
Suppose -65*k = -44*k - 4683. List the prime factors of k.
223
Suppose -2*w + 18 = -y, 5*w = -y + 36 - 5. Suppose -4*u = -w*u + 372. Suppose -7*b = -3*b - u. List the prime factors of b.
31
Let r(t) = -2*t**2 - 3*t**2 - 2*t**3 + 5*t + 3*t**3. Let x be r(4). Suppose 0 = -4*s - 8, 0 = x*g + s + 3*s - 60. List the prime factors of g.
17
Let c = 25 + -7. Let l be (c + 0)*7/(-14). What are the prime factors of (-2)/(4/l)*2?
3
Suppose -3*p = -3, b + 0 = -4*p + 10. Let f(l) = -l**3 + 7*l**2 - 3*l - 7. List the prime factors of f(b).
11
Let d = 340 - 31. List the prime factors of d.
3, 103
Let l = -1472 - -3270. What are the prime factors of l?
2, 29, 31
Suppose 3*r = -x + 9, -7*x + 6*x + 3 = 0. Suppose 0 = r*h + h - 87. What are the prime factors of h?
29
Let m be 1 - 15/10 - (-27)/6. What are the prime factors of 912/3 - -3*m/(-12)?
3, 101
Suppose -3*q = -405 - 39. Let u be (101 - (-6 + 4))/(2 - 1). Let o = q - u. What are the prime factors of o?
3, 5
Let x(m) = -m**3 - 34*m**2 - 20*m + 57. What are the prime factors of x(-34)?
11, 67
Let l(c) = 5*c**2 - c. Let h be l(-1). Suppose 3*w + 12 = h*w. Suppose -33 = -w*k + 3*k. What are the prime factors of k?
3, 11
Let r = 5667 + -1478. What are the prime factors of r?
59, 71
Suppose -3*l + 40 = -5*h, -2*l = 4*h - 11 - 23. Suppose -f + l = n, -5*n + 50 = -2*n + 4*f. What are the prime factors of n?
2, 5
Let a = -12 + 10. Let r be ((-2)/(-4))/(a/(-20)). Suppose -r*n - 4 = -24, 56 = 4*w + 4*n. What are the prime factors of w?
2, 5
Let n(w) = -3*w**2 + 4*w**3 - 9*w - 2*w**3 + 2*w**2 + 6 - 3*w**2. Let v be n(4). What are the prime factors of (-4)/2 + 16 + v?
2, 3
Let l = 1874 - 966. Suppose 15*w + 3*k + 1532 = 20*w, 3*w + k - l = 0. List the prime factors of w.
2, 19
Let a = -8418 - -11843. What are the prime factors of a?
5, 137
Let y(u) = u**3 - 4*u**2 + 6*u - 6. Let t be y(4). Let i(q) = -q**3 + 18*q**2 + 3*q - 27. What are the prime factors of i(t)?
3
Let m = 2286 + -900. What are the prime factors of m?
2, 3, 7, 11
Let a = 30 - 34. Let b = -39 + 57. List the prime factors of b/a*10/(-15).
3
Suppose -u + 2*x = -229, 3*u - 22*x - 708 = -23*x. What are the prime factors of u?
5, 47
Suppose -3*a - 5*m - 32 = 0, 5*a + 5*m = 3*a - 18. List the prime factors of -4 - (6/(-4) + 2345/a).
3, 5, 11
Let c(n) be the third derivative of 1/10*n**5 + n**3 + 0 - 1/120*n**6 + 0*n - 4*n**2 + 1/3*n**4. What are the prime factors of c(7)?
13
Let y = 1 + 89. What are the prime factors of y?
2, 3, 5
Let v = 117 + 356. List the prime factors of v.
11, 43
Let y be 8/10 - (-912)/60. Suppose 0 = -g + y + 14. List the prime factors of g.
2, 3, 5
Let q(p) = 384*p + 110. List the prime factors of q(2).
2, 439
Let i = 66 - 226. Let c = i + 243. List the prime factors of c.
83
Let u(c) be the first derivative of 3*c**4/2 + c**2/2 + 3*c + 2. Let s(v) be the first derivative of u(v). List the prime factors of s(-1).
19
Let o = 197 - -8. Let b = o + -107. What are the prime factors of b?
2, 7
Let l(w) = -2 - 2 + 2 + 36*w**2 - w + 5*w. List the prime factors of l(-2).
2, 67
Let x = 897 - -849. What are the prime factors of x?
2, 3, 97
Suppose r - 5808 = -11*r. List the prime factors of r.
2, 11
Let a(x) = x**2 + 3*x + 2. Let z(k) = -k**2 - 17*k - 24. Let l be z(-16). What are the prime factors of a(l)?
2, 3, 7
What are the prime factors of 1638/((-10)/(-2) - (25 - 21))?
2, 3, 7, 13
Suppose 0 = -18*b + 11*b + 35. Let m(i) = -6 + i**3 - 4 + 8*i + 7 - 6*i**2. List the prime factors of m(b).
2, 3
Let x = -1244 - -3214. What are the prime factors of x?
2, 5, 197
Let q be ((-64)/(-20))/((-2)/(-90)). Let f = 387 - q. List the prime factors of f.
3
Let m(n) = n**3 + 19*n**2 - 40*n. What are the prime factors of m(-10)?
2, 5, 13
Let l = 24 + -18. Suppose 2*x - 123 = -3*h, -4*h - l*x = -x - 164. What are the prime factors of h?
41
Let b = -948 + 6046. List the prime factors of b.
2, 2549
Suppose 0 = 10*f - 5*f - 20. Suppose -w = -0 - f. Suppose w*a = a + 75. List the prime factors of a.
5
Let u(i) = 7*i**3 - 9*i**2 - 3. List the prime factors of u(3).
3, 5, 7
Suppose 76725 = 14*i + 19*i. List the prime factors of i.
3, 5, 31
Suppose 4*k + 4*w = 1636, 3*w - 1222 = 5*k - 3267. What are the prime factors of k?
409
Suppose -30*y = -32*y + 570. List the prime factors of y.
3, 5, 19
Let k(r) = 2*r + 1. Let y be k(4). What are the prime factors of -66*(-8)/36*y?
2, 3, 11
Let h(j) = -11*j - 9 + 76*j + 5*j. List the prime factors of h(2).
131
Suppose 3*t = t + 20. Let u be (-6)/t - (-128)/5. Let s = u - -12. List the prime factors of s.
37
Suppose 28*m - 4825 = 23*m. What are the prime factors of m?
5, 193
Let m(r) = 2*r**2 + 4*r + 3. Let z be m(-2). Suppose 0 = z*j - 51 - 33. List the prime factors of j.
2, 7
Let m be 0 + (-4)/(-4) + 0. Let k be -1*6/(-2)*m. Suppose 2*a = k*a - 37. What are the prime factors of a?
37
Let w(l) = 5*l**3 + l**2 - 2*l. Let g be w(2). Suppose -g = -2*h - 10. List the prime factors of 13*-5*(-6)/h.
2, 13
Suppose -4*d + 19 = -0*a - a, -5*a = d - 10. Let y = a + 5. What are the prime factors of y?
2, 3
Let j(d) = d**2 - 5. Let f = 61 - 75. What are the prime factors of j(f)?
191
Suppose -91853 = -37*n + 47896. List the prime factors of n.
3, 1259
Let x be 12/(-8)*28/6. Let v = x + 21. What are the prime factors of v?
2, 7
Suppose -m - 4*l = 4*m - 2145, -10 = 2*l. Suppose -4*a + m = 137. List the prime factors of (a/4)/(2/4).
37
What are the prime factors of 3425 - (-6)/((-5)/(35/(-14)))?
2, 857
Let z(s) = s**3 + 37*s**2 + 89*s - 80. What are the prime factors of z(-33)?
13, 103
Suppose -31*a + 25*a = -318. List the prime factors of a.
53
Suppose h = 5*v - 11102, 8878 = v + 3*v + h. What are the prime factors of v?
2, 3, 5, 37
Suppose 0 = -5*n - 2*a - 5 + 1, 0 = 4*n - 3*a - 6. Suppose -i - i = -4*f + 62, n = 5*i - 3*f + 169. Let s